{"id":4,"date":"2011-10-30T17:15:28","date_gmt":"2011-10-30T16:15:28","guid":{"rendered":"https:\/\/ya-wali.de\/?page_id=4"},"modified":"2018-10-06T19:11:24","modified_gmt":"2018-10-06T17:11:24","slug":"anfahrt","status":"publish","type":"page","link":"https:\/\/ya-wali.de\/index.php\/kontakt\/anfahrt\/","title":{"rendered":"Anfahrt und Parkm\u00f6glichkeiten"},"content":{"rendered":"<p>Sie finden uns in M\u00fcnchens\u00a0<strong>Stadtteil Haidhausen<\/strong>, zu Fu\u00df ca. 3 min von der Stra\u00dfenbahn und U-Bahn-Haltestelle<strong> Max-Weber-Platz,<\/strong>\u00a0ca. 12 min vom <strong>Ostbahnhof<\/strong>\u00a0und 12 min vom <strong>Rosenheimer Platz<\/strong> entfernt.<\/p>\n<p>&#8211; Zum Max-Weber-Platz fahren die U-Bahnen U4 und U5, Stra\u00dfenbahnen Linie 15\/25 und 19, sowie die Buslinien 190 und 191.<\/p>\n<p>&#8211; Den Ostbahnhof erreichen Sie mit der U5, den S-Bahn-Linien 1-8 \u00a0und den Buslinien 54, 55, 100, 145, 146, 152, 155, 187, 213, 9410, sowie etlichen Regional-Bahnlinien der deutschen Bundesbahn.<\/p>\n<p>&#8211; Am Rosenheimer Platz halten die S-Bahn-Linien 1-8 (au\u00dfer S5), sowie die Stra\u00dfenbahnen 15 und 25. Mit den Linien 15 und 25 sind es noch zwei Stationen zum Max-Weber-Patz<\/p>\n<p><strong>Parken<\/strong> k\u00f6nnen Sie mit etwas Gl\u00fcck in der Kirchenstra\u00dfe, hinter der Kirche am Johannisplatz, \u00a0oder einer der angrenzenden Stra\u00dfen Haidhausens, oder -falls Sie dort nicht nicht f\u00fcndig werden- \u00a0im Parkhaus &#8222;Pariser Platz&#8220; in der Pariser Stra\u00dfe &#8211; Ecke W\u00f6rthstra\u00dfe, ca. 8 min zu Fu\u00df zum Zentrum YA WALI.<\/p>\n<p>&nbsp;<\/p>\n<p><strong>YA WALI \u00a0Heil- und Meditationszentrum M\u00fcnchen<\/strong><\/p>\n<p><strong> Kirchenstra\u00dfe 15, 2. Stock<\/strong><br \/>\n<strong> 81675 M\u00fcnchen<br \/>\nTel. +49 (0)89-412 00 312\u00a0<\/strong><\/p>\n<p><span style=\"color: #ffffff;\">.<\/span><\/p>\n<p><span style=\"color: #ffffff;\">.<\/span><\/p>\n<p>&nbsp;<\/p>\n<p><strong><a href=\"https:\/\/www.google.de\/maps\/place\/Kirchenstra%C3%9Fe+15,+81675+M%C3%BCnchen\/@48.1343664,11.6005058,18.25z\/data=!4m5!3m4!1s0x479e757f871c5acd:0x1d5c2e2334662404!8m2!3d48.134332!4d11.600306?hl=de\" target=\"_blank\">Zur Karte und Routenplaner bei GoogleMaps&#8230;..<\/a><\/strong><\/p>\n<p>&nbsp;<\/p>\n","protected":false},"excerpt":{"rendered":"<p>Sie finden uns in M\u00fcnchens\u00a0Stadtteil Haidhausen, zu Fu\u00df ca. 3 min von der Stra\u00dfenbahn und U-Bahn-Haltestelle Max-Weber-Platz,\u00a0ca. 12 min vom Ostbahnhof\u00a0und 12 min vom Rosenheimer Platz entfernt. &#8211; Zum Max-Weber-Platz fahren die U-Bahnen U4 und U5, Stra\u00dfenbahnen Linie 15\/25 und 19, sowie die Buslinien 190 und 191. &#8211; Den Ostbahnhof erreichen Sie mit der U5, [&hellip;]<\/p>\n","protected":false},"author":3,"featured_media":0,"parent":6,"menu_order":0,"comment_status":"closed","ping_status":"closed","template":"site.php","meta":{"footnotes":""},"class_list":["post-4","page","type-page","status-publish","hentry"],"_links":{"self":[{"href":"https:\/\/ya-wali.de\/index.php\/wp-json\/wp\/v2\/pages\/4","targetHints":{"allow":["GET"]}}],"collection":[{"href":"https:\/\/ya-wali.de\/index.php\/wp-json\/wp\/v2\/pages"}],"about":[{"href":"https:\/\/ya-wali.de\/index.php\/wp-json\/wp\/v2\/types\/page"}],"author":[{"embeddable":true,"href":"https:\/\/ya-wali.de\/index.php\/wp-json\/wp\/v2\/users\/3"}],"replies":[{"embeddable":true,"href":"https:\/\/ya-wali.de\/index.php\/wp-json\/wp\/v2\/comments?post=4"}],"version-history":[{"count":4,"href":"https:\/\/ya-wali.de\/index.php\/wp-json\/wp\/v2\/pages\/4\/revisions"}],"predecessor-version":[{"id":129839,"href":"https:\/\/ya-wali.de\/index.php\/wp-json\/wp\/v2\/pages\/4\/revisions\/129839"}],"up":[{"embeddable":true,"href":"https:\/\/ya-wali.de\/index.php\/wp-json\/wp\/v2\/pages\/6"}],"wp:attachment":[{"href":"https:\/\/ya-wali.de\/index.php\/wp-json\/wp\/v2\/media?parent=4"}],"curies":[{"name":"wp","href":"https:\/\/api.w.org\/{rel}","templated":true}]}}